 of 1825412002?
1
What is the hundred millions digit of 177315377?
1
What is the units digit of 55018968?
8
What is the thousands digit of 127872144?
2
What is the units digit of 71744249?
9
What is the units digit of 3157711605?
5
What is the tens digit of 132650795?
9
What is the hundreds digit of 870247319?
3
What is the ten millions digit of 31333920?
3
What is the ten thousands digit of 9841726?
4
What is the ten thousands digit of 31895695?
9
What is the billions digit of 2708074880?
2
What is the hundreds digit of 3017885514?
5
What is the thousands digit of 809170037?
0
What is the thousands digit of 159310236?
0
What is the tens digit of 976119115?
1
What is the ten millions digit of 28938816?
2
What is the billions digit of 3328894921?
3
What is the ten millions digit of 119894393?
1
What is the thousands digit of 189510028?
0
What is the tens digit of 25541708?
0
What is the ten millions digit of 2183504055?
8
What is the ten thousands digit of 45273943?
7
What is the tens digit of 21460664?
6
What is the thousands digit of 2694172114?
2
What is the billions digit of 5672806578?
5
What is the hundred thousands digit of 56591608?
5
What is the billions digit of 1568418395?
1
What is the hundred thousands digit of 2846191032?
1
What is the tens digit of 99421887?
8
What is the millions digit of 390941694?
0
What is the tens digit of 29000705?
0
What is the hundreds digit of 106305642?
6
What is the hundred millions digit of 1893182767?
8
What is the ten millions digit of 352790289?
5
What is the thousands digit of 2291182515?
2
What is the units digit of 69122182?
2
What is the millions digit of 440613661?
0
What is the tens digit of 1214875625?
2
What is the units digit of 28800694?
4
What is the units digit of 31147983?
3
What is the hundred thousands digit of 446497026?
4
What is the hundred millions digit of 176361656?
1
What is the millions digit of 1739784?
1
What is the tens digit of 908329142?
4
What is the units digit of 25049870?
0
What is the units digit of 986280781?
1
What is the hundreds digit of 39364749?
7
What is the millions digit of 92202341?
2
What is the hundred millions digit of 850542807?
8
What is the hundreds digit of 1097235226?
2
What is the thousands digit of 22051196?
1
What is the ten thousands digit of 54419369?
1
What is the units digit of 37751593?
3
What is the tens digit of 296099050?
5
What is the tens digit of 439107797?
9
What is the tens digit of 787755293?
9
What is the hundred thousands digit of 2568542436?
5
What is the hundred thousands digit of 751564164?
5
What is the ten thousands digit of 2358337562?
3
What is the hundred thousands digit of 6335016878?
0
What is the ten thousands digit of 495521051?
2
What is the tens digit of 95077734?
3
What is the ten thousands digit of 26188311?
8
What is the ten millions digit of 62547864?
6
What is the hundred millions digit of 1289376803?
2
What is the thousands digit of 4748760528?
0
What is the hundred thousands digit of 58321188?
3
What is the millions digit of 51854301?
1
What is the tens digit of 104610574?
7
What is the units digit of 301718039?
9
What is the hundreds digit of 103615693?
6
What is the tens digit of 46742175?
7
What is the units digit of 74587346?
6
What is the hundred millions digit of 1281233848?
2
What is the tens digit of 484556266?
6
What is the hundred thousands digit of 748182953?
1
What is the units digit of 5260942756?
6
What is the hundred thousands digit of 2123559?
1
What is the millions digit of 792439165?
2
What is the hundreds digit of 101316456?
4
What is the hundreds digit of 372835580?
5
What is the ten millions digit of 1039808569?
3
What is the thousands digit of 37414933?
4
What is the ten millions digit of 797066635?
9
What is the millions digit of 967398407?
7
What is the hundreds digit of 293386114?
1
What is the units digit of 2356421294?
4
What is the hundreds digit of 5822388?
3
What is the thousands digit of 23297195?
7
What is the ten thousands digit of 19565302?
6
What is the tens digit of 245952888?
8
What is the units digit of 5406731966?
6
What is the units digit of 648373126?
6
What is the units digit of 3172520980?
0
What is the hundred millions digit of 282652022?
2
What is the tens digit of 31690031?
3
What is the tens digit of 31987747?
4
What is the hundred thousands digit of 173971597?
9
What is the hundred thousands digit of 45256144?
2
What is the units digit of 9361777?
7
What is the hundreds digit of 720733585?
5
What is the thousands digit of 864323813?
3
What is the ten thousands digit of 19089379?
8
What is the units digit of 69365690?
0
What is the thousands digit of 782020770?
0
What is the thousands digit of 230754540?
4
What is the ten thousands digit of 101166083?
6
What is the millions digit of 21928772?
1
What is the units digit of 1773559819?
9
What is the ten thousands digit of 49281480?
8
What is the tens digit of 958005455?
5
What is the hundred thousands digit of 1176136528?
1
What is the millions digit of 52073864?
2
What is the hundred thousands digit of 955753759?
7
What is the millions digit of 587291676?
7
What is the units digit of 2162058539?
9
What is the hundred thousands digit of 61099740?
0
What is the ten thousands digit of 3179333320?
3
What is the hundreds digit of 40334785?
7
What is the thousands digit of 3995661454?
1
What is the hundreds digit of 5107455956?
9
What is the hundreds digit of 109653337?
3
What is the hundred thousands digit of 365103920?
1
What is the hundred thousands digit of 72848447?
8
What is the hundreds digit of 376348794?
7
What is the ten millions digit of 43868948?
4
What is the hundred thousands digit of 844671650?
6
What is the hundred millions digit of 2930374241?
9
What is the thousands digit of 97721885?
1
What is the millions digit of 1490650343?
0
What is the tens digit of 19549406?
0
What is the thousands digit of 307098581?
8
What is the hundred millions digit of 1076503970?
0
What is the tens digit of 50036331?
3
What is the hundred thousands digit of 93633415?
6
What is the hundreds digit of 5204228586?
5
What is the ten millions digit of 1318841125?
1
What is the thousands digit of 161128590?
8
What is the units digit of 383000461?
1
What is the hundreds digit of 190687926?
9
What is the tens digit of 263118275?
7
What is the tens digit of 436230839?
3
What is the ten thousands digit of 2456080329?
8
What is the ten millions digit of 408335072?
0
What is the thousands digit of 104936006?
6
What is the ten thousands digit of 501716856?
1
What is the ten thousands digit of 1862737293?
3
What is the ten millions digit of 39902210?
3
What is the tens digit of 892877?
7
What is the ten millions digit of 88729274?
8
What is the hundreds digit of 39650549?
5
What is the millions digit of 228418980?
8
What is the hundreds digit of 3751255568?
5
What is the ten thousands digit of 93498664?
9
What is the billions digit of 1133239502?
1
What is the ten millions digit of 1071344537?
7
What is the hundreds digit of 224321074?
0
What is the hundred millions digit of 1889664930?
8
What is the millions digit of 62486472?
2
What is the thousands digit of 617981058?
1
What is the billions digit of 4675953728?
4
What is the ten thousands digit of 50455425?
5
What is the ten thousands digit of 83879635?
7
What is the millions digit of 425967220?
5
What is the millions digit of 2483169471?
3
What is the thousands digit of 67342928?
2
What is the tens digit of 571239308?
0
What is the millions digit of 833931376?
3
What is the hundreds digit of 1765639187?
1
What is the hundred millions digit of 512134057?
5
What is the hundred thousands digit of 468930064?
9
What is the ten thousands digit of 430208874?
0
What is the units digit of 36343278?
8
What is the hundreds digit of 316879464?
4
What is the ten thousands digit of 35938850?
3
What is the millions digit of 88790102?
8
What is the millions digit of 139757584?
9
What is the billions digit of 4079246275?
4
What is the hundred millions digit of 401560086?
4
What is the hundred thousands digit of 49964615?
9
What is the ten millions digit of 28307175?
2
What is the thousands digit of 632910975?
0
What is the units digit of 2156195720?
0
What is the ten thousands digit of 176496452?